{"id":5639,"date":"2025-11-27T03:35:56","date_gmt":"2025-11-27T03:35:56","guid":{"rendered":"https:\/\/tongkhothanhan.com\/?post_type=product&#038;p=5639"},"modified":"2025-11-27T16:31:04","modified_gmt":"2025-11-27T16:31:04","slug":"lau-dien-3-5l-sunhouse-shd4524","status":"publish","type":"product","link":"https:\/\/tongkhothanhan.com\/index.php\/product\/lau-dien-3-5l-sunhouse-shd4524\/","title":{"rendered":"L\u1ea8U \u0110I\u1ec6N 3.5L SUNHOUSE SHD4524"},"content":{"rendered":"<div id=\"menuView1\" class=\"tongQuan gStyle3 menuViewHightLight\">\n<div class=\"description\">\n<h2><strong>T\u1ed4NG QUAN<\/strong><\/h2>\n<p>\u0102n l\u1ea9u t\u1ea1i gia ng\u00e0y c\u00e0ng tr\u1edf n\u00ean quen thu\u1ed9c v\u1edbi c\u00e1c gia \u0111\u00ecnh Vi\u1ec7t. Kh\u00f4ng nh\u1eefng \u0111\u1ed5i v\u1ecb b\u1eefa c\u01a1m gia \u0111\u00ecnh, qu\u00e2y qu\u1ea7n b\u00ean n\u1ed3i l\u1ea9u c\u00f2n l\u00e0 kho\u1ea3ng th\u1eddi gian v\u00e0ng \u0111\u1ec3 c\u00e1c th\u00e0nh vi\u00ean th\u00eam g\u1eafn k\u1ebft. Th\u1ea5u hi\u1ec3u \u0111\u01b0\u1ee3c nhu c\u1ea7u \u0111\u00f3, SUNHOUSE cho ra \u0111\u1eddi\u00a0<strong>N\u1ed3i l\u1ea9u \u0111i\u1ec7n 3.5L SUNHOUSE SHD4524<\/strong>\u00a0v\u1edbi thi\u1ebft k\u1ebf trang nh\u00e3 v\u00e0 c\u00f4ng su\u1ea5t n\u1ea5u m\u1ea1nh m\u1ebd, ch\u1ebf bi\u1ebfn \u0111\u01b0\u1ee3c nhi\u1ec1u lo\u1ea1i th\u1ee9c \u0103n kh\u00e1c nhau, s\u1eed d\u1ee5ng \u0111\u01a1n gi\u1ea3n, ti\u1ec7n d\u1ee5ng h\u01a1n cho c\u00f4ng vi\u1ec7c n\u1ed9i tr\u1ee3.<\/p>\n<p><img decoding=\"async\" src=\"https:\/\/sunhouse.com.vn\/pic\/general\/images\/1(89).jpg\" \/>\n<\/div>\n<\/div>\n<div id=\"menuView2\" class=\"thietKe gStyle3 menuViewHightLight\">\n<div class=\"description\">\n<h2><strong>KI\u1ec2U D\u00c1NG TRANG NH\u00c3, G\u1eccN NH\u1eb8, D\u1ec4 S\u1eec D\u1ee4NG<\/strong><\/h2>\n<h3><strong>Thi\u1ebft k\u1ebf trang nh\u00e3, g\u1ecdn nh\u1eb9<\/strong><\/h3>\n<p><strong>N\u1ed3i l\u1ea9u \u0111i\u1ec7n 3.5L SUNHOUSE SHD4524<\/strong>\u00a0c\u00f3 th\u00e2n n\u1ed3i l\u00e0m t\u1eeb ch\u1ea5t li\u1ec7u nh\u1ef1a PP cao c\u1ea5p, b\u1ec1n b\u1ec9, c\u00f3 kh\u1ea3 n\u0103ng ch\u1ecbu nhi\u1ec7t cao. \u0110\u00e2y c\u0169ng l\u00e0 ch\u1ea5t li\u1ec7u gi\u00fap h\u1ea1n ch\u1ebf g\u00e2y b\u1ecfng khi ti\u1ebfp x\u00fac v\u1edbi n\u1ed3i, an to\u00e0n khi s\u1eed d\u1ee5ng. Gam m\u00e0u xanh l\u1ea1 m\u1eaft l\u00e0 \u0111i\u1ec3m nh\u1ea5n th\u1eddi th\u01b0\u1ee3ng cho c\u0103n b\u1ebfp gia \u0111\u00ecnh.<br \/>\n<img decoding=\"async\" src=\"https:\/\/sunhouse.com.vn\/pic\/general\/images\/2(76).jpg\" \/><\/p>\n<p>Vung n\u1ed3i \u0111\u01b0\u1ee3c l\u00e0m b\u1eb1ng th\u1ee7y tinh ch\u1ecbu nhi\u1ec7t, ch\u1ea5t li\u1ec7u trong su\u1ed1t gi\u00fap quan s\u00e1t \u0111\u01b0\u1ee3c th\u1ee9c \u0103n b\u00ean trong n\u1ed3i khi ch\u1ebf bi\u1ebfn m\u00e0 kh\u00f4ng c\u1ea7n m\u1edf vung, v\u00f4 c\u00f9ng ti\u1ec7n l\u1ee3i.<br \/>\nN\u00fam vung, tay c\u1ea7m b\u1eb1ng nh\u1ef1a c\u00e1ch nhi\u1ec7t ch\u1ed1ng b\u1ecfng tay gi\u00fap vi\u1ec7c m\u1edf n\u1eafp v\u00e0 di chuy\u1ec3n d\u1ec5 d\u00e0ng v\u00e0 an to\u00e0n.<\/p>\n<h3><strong>L\u00f2ng n\u1ed3i ph\u1ee7 ch\u1ed1ng d\u00ednh Whitford (USA) cao c\u1ea5p<\/strong><\/h3>\n<p>L\u00f2ng n\u1ed3i \u0111\u01b0\u1ee3c l\u00e0m t\u1eeb ch\u1ea5t li\u1ec7u cao c\u1ea5p h\u01a1n h\u1eb3n c\u00e1c lo\u1ea1i l\u00f2ng n\u1ed3i b\u1eb1ng ch\u1ea5t li\u1ec7u h\u1ee3p kim nh\u00f4m th\u00f4ng th\u01b0\u1eddng, c\u00f3 hi\u1ec7u qu\u1ea3 truy\u1ec1n nhi\u1ec7t cao h\u01a1n, gi\u00fap vi\u1ec7c n\u1ea5u n\u01b0\u1edbng nhanh ch\u00f3ng, ti\u1ebft ki\u1ec7m th\u1eddi gian v\u00e0 \u0111i\u1ec7n n\u0103ng.<br \/>\nKh\u00f4ng nh\u1eefng th\u1ebf, l\u00f2ng n\u1ed3i c\u00f2n \u0111\u01b0\u1ee3c tr\u00e1ng m\u1ed9t l\u1edbp ch\u1ed1ng d\u00ednh cao c\u1ea5p si\u00eau b\u1ec1n, an to\u00e0n cho s\u1ee9c kh\u1ecfe, kh\u00f4ng l\u00e0m ph\u00e1t sinh ch\u1ea5t \u0111\u1ed9c h\u1ea1i khi ti\u1ebfp x\u00fac d\u01b0\u1edbi nhi\u1ec7t \u0111\u1ed9 cao, tr\u00e1nh b\u00e1m d\u00ednh th\u1ee9c \u0103n, \u0111\u1eb7c bi\u1ec7t d\u1ec5 d\u00e0ng v\u1ec7 sinh sau khi s\u1eed d\u1ee5ng.<br \/>\n<img decoding=\"async\" src=\"https:\/\/sunhouse.com.vn\/pic\/general\/images\/3(69).jpg\" alt=\"\" \/><\/p>\n<h3><strong>\u0110i\u1ec1u khi\u1ec3n b\u1eb1ng n\u00fam g\u1ea1t d\u1ec5 s\u1eed d\u1ee5ng<\/strong><\/h3>\n<p>N\u1ed3i c\u00f3 nhi\u1ec1u m\u1ee9c nhi\u1ec7t ph\u00f9 h\u1ee3p v\u1edbi ch\u1ee9c n\u0103ng v\u00e0 m\u1ee5c \u0111\u00edch n\u1ea5u n\u01b0\u1edbng kh\u00e1c nhau, \u0111\u01b0\u1ee3c \u0111i\u1ec1u ch\u1ec9nh b\u1eb1ng n\u00fam g\u1ea1t \u0111\u01a1n gi\u1ea3n v\u00e0 ti\u1ec7n l\u1ee3i.\n<\/p><\/div>\n<\/div>\n<div id=\"menuView3\" class=\"congNang gStyle3 menuViewHightLight\">\n<div class=\"description\">\n<h2><strong>N\u1ea4U \u0102N NGON H\u01a0N, TI\u1ec6N L\u1ee2I V\u00c0 NHANH CH\u00d3NG H\u01a0N<\/strong><\/h2>\n<h3><strong>N\u1ed3i l\u1ea9u \u0111a ch\u1ee9c n\u0103ng<\/strong><\/h3>\n<p>Dung t\u00edch n\u1ed3i l\u1edbn 3.5 l\u00edt ph\u00f9 h\u1ee3p cho c\u1ea3 gia \u0111\u00ecnh 2 \u2013 4 ng\u01b0\u1eddi trong nh\u1eefng bu\u1ed5i li\u00ean hoan, h\u1ecdp m\u1eb7t. Kh\u00f4ng ch\u1ec9 n\u1ea5u l\u1ea9u, nh\u1edd l\u1edbp ph\u1ee7 ch\u1ed1ng d\u00ednh,\u00a0<strong>n\u1ed3i l\u1ea9u \u0111i\u1ec7n 3.5L SUNHOUSE SHD4524<\/strong>\u00a0c\u00f2n c\u00f3 th\u1ec3 d\u00f9ng \u0111\u1ec3 x\u00e0o, r\u00e1n, h\u1ea7m\u2026 r\u1ea5t ti\u1ec7n d\u1ee5ng, thay th\u1ebf b\u1ebfp gas ti\u1ec7n l\u1ee3i, ti\u1ebft ki\u1ec7m n\u0103ng l\u01b0\u1ee3ng.<br \/>\n<img decoding=\"async\" src=\"https:\/\/sunhouse.com.vn\/pic\/general\/images\/4(66).jpg\" \/><\/p>\n<h3><strong>C\u00f4ng su\u1ea5t l\u1edbn, n\u1ea5u ch\u00edn nhanh<\/strong><\/h3>\n<p><strong>L\u1ea9u \u0111i\u1ec7n 3.5L SUNHOUSE SHD4524<\/strong>\u00a0c\u00f3 m\u1ed9t m\u00e2m nhi\u1ec7t l\u1edbn gi\u00fap truy\u1ec1n nhi\u1ec7t nhanh v\u00e0 \u0111\u1ec1u, c\u00f9ng c\u00f4ng su\u1ea5t cao 1300W gi\u00fap n\u1ea5u ch\u00edn th\u1ee9c \u0103n nhanh ch\u00f3ng, ti\u1ebft ki\u1ec7m th\u1eddi gian n\u1ea5u n\u01b0\u1edbng.<br \/>\n<img decoding=\"async\" src=\"https:\/\/sunhouse.com.vn\/pic\/general\/images\/5(67).jpg\" alt=\"\" \/><\/p>\n<h3><strong>D\u1ec5 d\u00e0ng v\u1ec7 sinh<\/strong><\/h3>\n<p>Nh\u1edd c\u1ea5u t\u1ea1o t\u1eeb nh\u1eefng v\u1eadt li\u1ec7u cao c\u1ea5p, l\u00f2ng n\u1ed3i ph\u1ee7 ch\u1ed1ng d\u00ednh n\u00ean vi\u1ec7c v\u1ec7 sinh, lau ch\u00f9i r\u1ea5t \u0111\u01a1n gi\u1ea3n v\u00e0 nh\u1eb9 nh\u00e0ng, kh\u00f4ng t\u1ed1n s\u1ee9c.<\/p><\/div>\n<\/div>\n","protected":false},"excerpt":{"rendered":"<p>T\u1ed4NG QUAN \u0102n l\u1ea9u t\u1ea1i gia ng\u00e0y c\u00e0ng tr\u1edf n\u00ean quen thu\u1ed9c v\u1edbi c\u00e1c gia \u0111\u00ecnh Vi\u1ec7t. Kh\u00f4ng nh\u1eefng \u0111\u1ed5i v\u1ecb b\u1eefa c\u01a1m gia \u0111\u00ecnh, qu\u00e2y qu\u1ea7n b\u00ean n\u1ed3i l\u1ea9u c\u00f2n l\u00e0 kho\u1ea3ng th\u1eddi gian v\u00e0ng \u0111\u1ec3 c\u00e1c th\u00e0nh vi\u00ean th\u00eam g\u1eafn k\u1ebft. Th\u1ea5u hi\u1ec3u \u0111\u01b0\u1ee3c nhu c\u1ea7u \u0111\u00f3, SUNHOUSE cho ra \u0111\u1eddi\u00a0N\u1ed3i l\u1ea9u \u0111i\u1ec7n&hellip;<\/p>\n","protected":false},"featured_media":5640,"comment_status":"open","ping_status":"closed","template":"","meta":[],"product_cat":[207,600,78],"product_tag":[],"class_list":{"0":"post-5639","1":"product","2":"type-product","3":"status-publish","4":"has-post-thumbnail","6":"product_brand-sunhouse","7":"product_cat-do-gia-dung","8":"product_cat-noi-lau-dien","9":"product_cat-thiet-bi-nha-bep","11":"first","12":"instock","13":"sale","14":"taxable","15":"shipping-taxable","16":"purchasable","17":"product-type-simple","18":"col-xs-6 col-sm-4","19":"col-mf-5","20":"un-5-cols"},"_links":{"self":[{"href":"https:\/\/tongkhothanhan.com\/index.php\/wp-json\/wp\/v2\/product\/5639","targetHints":{"allow":["GET"]}}],"collection":[{"href":"https:\/\/tongkhothanhan.com\/index.php\/wp-json\/wp\/v2\/product"}],"about":[{"href":"https:\/\/tongkhothanhan.com\/index.php\/wp-json\/wp\/v2\/types\/product"}],"replies":[{"embeddable":true,"href":"https:\/\/tongkhothanhan.com\/index.php\/wp-json\/wp\/v2\/comments?post=5639"}],"wp:featuredmedia":[{"embeddable":true,"href":"https:\/\/tongkhothanhan.com\/index.php\/wp-json\/wp\/v2\/media\/5640"}],"wp:attachment":[{"href":"https:\/\/tongkhothanhan.com\/index.php\/wp-json\/wp\/v2\/media?parent=5639"}],"wp:term":[{"taxonomy":"product_cat","embeddable":true,"href":"https:\/\/tongkhothanhan.com\/index.php\/wp-json\/wp\/v2\/product_cat?post=5639"},{"taxonomy":"product_tag","embeddable":true,"href":"https:\/\/tongkhothanhan.com\/index.php\/wp-json\/wp\/v2\/product_tag?post=5639"}],"curies":[{"name":"wp","href":"https:\/\/api.w.org\/{rel}","templated":true}]}}