{"id":2886,"date":"2018-12-11T02:11:26","date_gmt":"2018-12-11T02:11:26","guid":{"rendered":"http:\/\/demo2.drfuri.com\/martfury12\/?post_type=product&#038;p=2886"},"modified":"2025-10-06T08:14:28","modified_gmt":"2025-10-06T08:14:28","slug":"may-lam-mat-daikiosan-dm107","status":"publish","type":"product","link":"https:\/\/tongkhothanhan.com\/index.php\/product\/may-lam-mat-daikiosan-dm107\/","title":{"rendered":"M\u00e1y l\u00e0m m\u00e1t DAIKIOSAN DM107"},"content":{"rendered":"<ul>\n<li>\n<ul>\n<li><strong>T\u00ean s\u1ea3n ph\u1ea9m<\/strong>: M\u00e1y l\u00e0m m\u00e1t Daikiosan, Model DM107<\/li>\n<li><strong>Th\u01b0\u01a1ng hi\u1ec7u<\/strong>: Daikiosan (\u0110\u1ed3ng s\u1ea3n ph\u1ea9m cao c\u1ea5p)<\/li>\n<li><strong>C\u00f4ng ngh\u1ec7\/\u0111i\u1ec3m n\u1ed5i b\u1eadt<\/strong>:\n<ul>\n<li>C\u00f4ng ngh\u1ec7 di\u1ec7t khu\u1ea9n Ag+ (kh\u00e1ng khu\u1ea9n, kh\u1eed m\u00f9i t\u1eeb th\u00f9ng n\u01b0\u1edbc)<\/li>\n<li>Ti\u00eau di\u1ec7t vi khu\u1ea9n, vi sinh v\u1eadt \u0111\u1ed9c h\u1ea1i v\u00e0 h\u1ea1n ch\u1ebf m\u00f9i kh\u00f3 ch\u1ecbu t\u1eeb th\u00f9ng n\u01b0\u1edbc<\/li>\n<\/ul>\n<\/li>\n<li><strong>M\u1ee5c \u0111\u00edch s\u1eed d\u1ee5ng<\/strong>: L\u00e0m m\u00e2t v\u00e0 l\u00e0m m\u00e1t kh\u00f4ng kh\u00ed cho kh\u00f4ng gian s\u1ed1ng v\u00e0 l\u00e0m vi\u1ec7c<\/li>\n<\/ul>\n<h1>Th\u00f4ng s\u1ed1 k\u1ef9 thu\u1eadt<\/h1>\n<ul>\n<li><strong>L\u01b0u l\u01b0\u1ee3ng gi\u00f3<\/strong>: 4.500 \u2013 5.000 m\u00b3\/h<\/li>\n<li><strong>T\u1ed1c \u0111\u1ed9 gi\u00f3<\/strong>: 8,6 \u2013 9,1 m\/s<\/li>\n<li><strong>\u0110i\u1ec7n \u00e1p<\/strong>: 220V ~ 50Hz<\/li>\n<li><strong>C\u00f4ng su\u1ea5t<\/strong>: 200 W<\/li>\n<li><strong>T\u1ed1c \u0111\u1ed9 gi\u00f3 (3 c\u1ea5p)<\/strong>: 3 t\u1ed1c \u0111\u1ed9<\/li>\n<li><strong>H\u01b0\u1edbng gi\u00f3 th\u1ed5i<\/strong>: \u0110\u1ea3o t\u1ef1 \u0111\u1ed9ng tr\u00e1i \u2013 ph\u1ea3i; \u0110i\u1ec1u ch\u1ec9nh l\u00ean \u2013 xu\u1ed1ng<\/li>\n<li><strong>\u0110\u1ed9 \u1ed3n<\/strong>: 40 \u2013 65 dB<\/li>\n<li><strong>L\u01af\u1ee2NG N\u01af\u1edaC TI\u00caU TH\u1ee4<\/strong>: 5 \u2013 8 L\/h<\/li>\n<li><strong>Di\u1ec7n t\u00edch l\u00e0m m\u00e1t<\/strong>: 45 \u2013 50 m\u00b2<\/li>\n<li><strong>Th\u1ec3 t\u00edch th\u00f9ng n\u01b0\u1edbc<\/strong>: 40 L<\/li>\n<li><strong>K\u00edch th\u01b0\u1edbc s\u1ea3n ph\u1ea9m<\/strong>: 610 x 420 x 1.070 mm<\/li>\n<li><strong>Tr\u1ecdng l\u01b0\u1ee3ng s\u1ea3n ph\u1ea9m<\/strong>: 16 kg<\/li>\n<\/ul>\n<h1>Thi\u1ebft k\u1ebf v\u00e0 t\u00ednh di \u0111\u1ed9ng<\/h1>\n<ul>\n<li><strong>Thi\u1ebft k\u1ebf<\/strong>: M\u00e1y l\u00e0m m\u00e1t d\u1ea1ng th\u00e1p v\u1edbi l\u01b0\u1edbi th\u1ed5i m\u00e0u xanh n\u1ed5i b\u1eadt, di chuy\u1ec3n linh ho\u1ea1t v\u1edbi 4 b\u00e1nh xe.<\/li>\n<li><strong>Dung t\u00edch n\u01b0\u1edbc l\u1edbn<\/strong>: N\u00e2ng cao th\u1eddi gian ho\u1ea1t \u0111\u1ed9ng li\u00ean t\u1ee5c, \u00edt ph\u1ea3i ti\u1ebfp n\u01b0\u1edbc.<\/li>\n<\/ul>\n<h1>T\u00ednh n\u0103ng b\u1ed5 sung<\/h1>\n<ul>\n<li><strong>C\u1ea3m bi\u1ebfn m\u1ee9c n\u01b0\u1edbc<\/strong>: T\u1ef1 ng\u1eaft b\u01a1m khi n\u01b0\u1edbc c\u1ea1n, ti\u1ebft ki\u1ec7m n\u01b0\u1edbc v\u00e0 b\u1ea3o v\u1ec7 m\u00e1y<\/li>\n<li><strong>V\u1ecf m\u00e1y b\u1eb1ng v\u1eadt li\u1ec7u ch\u1ea5t l\u01b0\u1ee3ng cao<\/strong>: An to\u00e0n, d\u1ec5 v\u1ec7 sinh<\/li>\n<li><strong>Ti\u1ebft ki\u1ec7m n\u0103ng l\u01b0\u1ee3ng<\/strong>: Hi\u1ec7u qu\u1ea3 l\u00e0m m\u00e1t cao v\u1edbi c\u00f4ng su\u1ea5t ti\u00eau th\u1ee5 th\u1ea5p<\/li>\n<\/ul>\n<h1>L\u1ee3i \u00edch<\/h1>\n<ul>\n<li>L\u00e0m m\u00e1t nhanh ch\u00f3ng cho khu v\u1ef1c 45\u201350 m\u00b2<\/li>\n<li>Ti\u00eau di\u1ec7t vi khu\u1ea9n v\u00e0 m\u00f9i kh\u00f3 ch\u1ecbu nh\u1edd c\u00f4ng ngh\u1ec7 Ag+<\/li>\n<li>Ho\u1ea1t \u0111\u1ed9ng \u00eam \u00e1i, ph\u00f9 h\u1ee3p cho nh\u00e0 \u1edf, v\u0103n ph\u00f2ng, c\u1eeda h\u00e0ng<\/li>\n<li>D\u1ec5 di chuy\u1ec3n v\u00e0 b\u1ea3o d\u01b0\u1ee1ng<\/li>\n<\/ul>\n<\/li>\n<\/ul>\n","protected":false},"excerpt":{"rendered":"<ul>\n<li><strong>T\u00ean s\u1ea3n ph\u1ea9m<\/strong>: M\u00e1y l\u00e0m m\u00e1t Daikiosan, Model DM107<\/li>\n<li><strong>Th\u01b0\u01a1ng hi\u1ec7u<\/strong>: Daikiosan (\u0110\u1ed3ng s\u1ea3n ph\u1ea9m cao c\u1ea5p)<\/li>\n<li><strong>C\u00f4ng ngh\u1ec7\/\u0111i\u1ec3m n\u1ed5i b\u1eadt<\/strong>:\n<ul>\n<li>C\u00f4ng ngh\u1ec7 di\u1ec7t khu\u1ea9n Ag+ (kh\u00e1ng khu\u1ea9n, kh\u1eed m\u00f9i t\u1eeb th\u00f9ng n\u01b0\u1edbc)<\/li>\n<li>Ti\u00eau di\u1ec7t vi khu\u1ea9n, vi sinh v\u1eadt \u0111\u1ed9c h\u1ea1i v\u00e0 h\u1ea1n ch\u1ebf m\u00f9i kh\u00f3 ch\u1ecbu t\u1eeb th\u00f9ng n\u01b0\u1edbc<\/li>\n<\/ul>\n<\/li>\n<li><strong>M\u1ee5c \u0111\u00edch s\u1eed d\u1ee5ng<\/strong>: L\u00e0m m\u00e2t v\u00e0 l\u00e0m m\u00e1t kh\u00f4ng kh\u00ed cho kh\u00f4ng gian s\u1ed1ng v\u00e0 l\u00e0m vi\u1ec7c<\/li>\n<\/ul>\n","protected":false},"featured_media":4550,"comment_status":"closed","ping_status":"closed","template":"","meta":[],"product_cat":[68,165],"product_tag":[],"class_list":{"0":"post-2886","1":"product","2":"type-product","3":"status-publish","4":"has-post-thumbnail","6":"product_brand-daikiosan","7":"product_cat-dien-may","8":"product_cat-may-lam-mat","9":"product_shipping_class-gopro-236","11":"first","12":"instock","13":"sale","14":"taxable","15":"shipping-taxable","16":"purchasable","17":"product-type-simple","18":"col-xs-6 col-sm-4","19":"col-mf-5","20":"un-5-cols"},"_links":{"self":[{"href":"https:\/\/tongkhothanhan.com\/index.php\/wp-json\/wp\/v2\/product\/2886","targetHints":{"allow":["GET"]}}],"collection":[{"href":"https:\/\/tongkhothanhan.com\/index.php\/wp-json\/wp\/v2\/product"}],"about":[{"href":"https:\/\/tongkhothanhan.com\/index.php\/wp-json\/wp\/v2\/types\/product"}],"replies":[{"embeddable":true,"href":"https:\/\/tongkhothanhan.com\/index.php\/wp-json\/wp\/v2\/comments?post=2886"}],"wp:featuredmedia":[{"embeddable":true,"href":"https:\/\/tongkhothanhan.com\/index.php\/wp-json\/wp\/v2\/media\/4550"}],"wp:attachment":[{"href":"https:\/\/tongkhothanhan.com\/index.php\/wp-json\/wp\/v2\/media?parent=2886"}],"wp:term":[{"taxonomy":"product_cat","embeddable":true,"href":"https:\/\/tongkhothanhan.com\/index.php\/wp-json\/wp\/v2\/product_cat?post=2886"},{"taxonomy":"product_tag","embeddable":true,"href":"https:\/\/tongkhothanhan.com\/index.php\/wp-json\/wp\/v2\/product_tag?post=2886"}],"curies":[{"name":"wp","href":"https:\/\/api.w.org\/{rel}","templated":true}]}}