{"id":1955,"date":"2017-12-18T10:08:41","date_gmt":"2017-12-18T10:08:41","guid":{"rendered":"http:\/\/demo2.drfuri.com\/martfury12\/?page_id=1955"},"modified":"2025-09-24T07:08:47","modified_gmt":"2025-09-24T07:08:47","slug":"tro-thanh-nha-cung-cap","status":"publish","type":"page","link":"https:\/\/tongkhothanhan.com\/index.php\/tro-thanh-nha-cung-cap\/","title":{"rendered":"Tr\u1edf th\u00e0nh nh\u00e0 cung c\u1ea5p"},"content":{"rendered":"\t\t<div data-elementor-type=\"wp-post\" data-elementor-id=\"1955\" class=\"elementor elementor-1955\">\n\t\t\t\t\t\t<section class=\"elementor-section elementor-top-section elementor-element elementor-element-33266f8a elementor-section-stretched elementor-section-boxed elementor-section-height-default elementor-section-height-default\" data-id=\"33266f8a\" data-element_type=\"section\" data-settings=\"{&quot;stretch_section&quot;:&quot;section-stretched&quot;,&quot;background_background&quot;:&quot;classic&quot;}\">\n\t\t\t\t\t\t<div class=\"elementor-container elementor-column-gap-default\">\n\t\t\t\t\t<div class=\"elementor-column elementor-col-100 elementor-top-column elementor-element elementor-element-6d6d1214\" data-id=\"6d6d1214\" data-element_type=\"column\">\n\t\t\t<div class=\"elementor-widget-wrap elementor-element-populated\">\n\t\t\t\t\t\t<div class=\"elementor-element elementor-element-81c3c9e elementor-widget elementor-widget-spacer\" data-id=\"81c3c9e\" data-element_type=\"widget\" data-widget_type=\"spacer.default\">\n\t\t\t\t\t\t\t<div class=\"elementor-spacer\">\n\t\t\t<div class=\"elementor-spacer-inner\"><\/div>\n\t\t<\/div>\n\t\t\t\t\t\t<\/div>\n\t\t\t\t<div class=\"elementor-element elementor-element-254d71c8 elementor-widget elementor-widget-heading\" data-id=\"254d71c8\" data-element_type=\"widget\" data-widget_type=\"heading.default\">\n\t\t\t\t\t<h2 class=\"elementor-heading-title elementor-size-default\">Tr\u1edf th\u00e0nh \u0111\u1ea1o l\u00fd k\u00eanh ph\u00e2n ph\u1ed1i ch\u00ednh th\u1ee9c <br>c\u1ee7a Th\u00e0nh An<\/h2>\t\t\t\t<\/div>\n\t\t\t\t<div class=\"elementor-element elementor-element-dbbf9c9 elementor-widget elementor-widget-spacer\" data-id=\"dbbf9c9\" data-element_type=\"widget\" data-widget_type=\"spacer.default\">\n\t\t\t\t\t\t\t<div class=\"elementor-spacer\">\n\t\t\t<div class=\"elementor-spacer-inner\"><\/div>\n\t\t<\/div>\n\t\t\t\t\t\t<\/div>\n\t\t\t\t<div class=\"elementor-element elementor-element-7397302d elementor-align-center elementor-widget elementor-widget-button\" data-id=\"7397302d\" data-element_type=\"widget\" data-widget_type=\"button.default\">\n\t\t\t\t\t\t\t\t\t\t<a class=\"elementor-button elementor-button-link elementor-size-md\" href=\"#\">\n\t\t\t\t\t\t<span class=\"elementor-button-content-wrapper\">\n\t\t\t\t\t\t\t\t\t<span class=\"elementor-button-text\">Start Selling<\/span>\n\t\t\t\t\t<\/span>\n\t\t\t\t\t<\/a>\n\t\t\t\t\t\t\t\t<\/div>\n\t\t\t\t<div class=\"elementor-element elementor-element-40183c3 elementor-widget elementor-widget-spacer\" data-id=\"40183c3\" data-element_type=\"widget\" data-widget_type=\"spacer.default\">\n\t\t\t\t\t\t\t<div class=\"elementor-spacer\">\n\t\t\t<div class=\"elementor-spacer-inner\"><\/div>\n\t\t<\/div>\n\t\t\t\t\t\t<\/div>\n\t\t\t\t\t<\/div>\n\t\t<\/div>\n\t\t\t\t\t<\/div>\n\t\t<\/section>\n\t\t\t\t<section class=\"elementor-section elementor-top-section elementor-element elementor-element-5cd549ea elementor-section-boxed elementor-section-height-default elementor-section-height-default\" data-id=\"5cd549ea\" data-element_type=\"section\">\n\t\t\t\t\t\t<div class=\"elementor-container elementor-column-gap-default\">\n\t\t\t\t\t<div class=\"elementor-column elementor-col-100 elementor-top-column elementor-element elementor-element-7c746e35\" data-id=\"7c746e35\" data-element_type=\"column\">\n\t\t\t<div class=\"elementor-widget-wrap elementor-element-populated\">\n\t\t\t\t\t\t<div class=\"elementor-element elementor-element-302e2954 elementor-widget elementor-widget-spacer\" data-id=\"302e2954\" data-element_type=\"widget\" data-widget_type=\"spacer.default\">\n\t\t\t\t\t\t\t<div class=\"elementor-spacer\">\n\t\t\t<div class=\"elementor-spacer-inner\"><\/div>\n\t\t<\/div>\n\t\t\t\t\t\t<\/div>\n\t\t\t\t<div class=\"elementor-element elementor-element-673f3c6a elementor-widget elementor-widget-heading\" data-id=\"673f3c6a\" data-element_type=\"widget\" data-widget_type=\"heading.default\">\n\t\t\t\t\t<h2 class=\"elementor-heading-title elementor-size-default\">T\u1ed4NG KHO \u0110I\u1ec6N M\u00c1Y TH\u00c0NH AN<\/h2>\t\t\t\t<\/div>\n\t\t\t\t<div class=\"elementor-element elementor-element-2de24d06 elementor-widget elementor-widget-spacer\" data-id=\"2de24d06\" data-element_type=\"widget\" data-widget_type=\"spacer.default\">\n\t\t\t\t\t\t\t<div class=\"elementor-spacer\">\n\t\t\t<div class=\"elementor-spacer-inner\"><\/div>\n\t\t<\/div>\n\t\t\t\t\t\t<\/div>\n\t\t\t\t<div class=\"elementor-element elementor-element-54e753c9 elementor-widget elementor-widget-heading\" data-id=\"54e753c9\" data-element_type=\"widget\" data-widget_type=\"heading.default\">\n\t\t\t\t\t<h2 class=\"elementor-heading-title elementor-size-default\">Tham gia th\u1ecb tr\u01b0\u1eddng \u0111i\u1ec7n m\u00e1y <br>tr\u00ean to\u00e0n qu\u1ed1c<\/h2>\t\t\t\t<\/div>\n\t\t\t\t<div class=\"elementor-element elementor-element-6bc577de elementor-widget elementor-widget-spacer\" data-id=\"6bc577de\" data-element_type=\"widget\" data-widget_type=\"spacer.default\">\n\t\t\t\t\t\t\t<div class=\"elementor-spacer\">\n\t\t\t<div class=\"elementor-spacer-inner\"><\/div>\n\t\t<\/div>\n\t\t\t\t\t\t<\/div>\n\t\t\t\t\t<\/div>\n\t\t<\/div>\n\t\t\t\t\t<\/div>\n\t\t<\/section>\n\t\t\t\t<section class=\"elementor-section elementor-top-section elementor-element elementor-element-11fddf51 elementor-section-boxed elementor-section-height-default elementor-section-height-default\" data-id=\"11fddf51\" data-element_type=\"section\">\n\t\t\t\t\t\t<div class=\"elementor-container elementor-column-gap-default\">\n\t\t\t\t\t<div class=\"elementor-column elementor-col-33 elementor-top-column elementor-element elementor-element-11840ee3\" data-id=\"11840ee3\" data-element_type=\"column\">\n\t\t\t<div class=\"elementor-widget-wrap elementor-element-populated\">\n\t\t\t\t\t\t<div class=\"elementor-element elementor-element-1a29582a elementor-widget elementor-widget-mf-elementor-icon-box\" data-id=\"1a29582a\" data-element_type=\"widget\" data-widget_type=\"mf-elementor-icon-box.default\">\n\t\t\t\t<div class=\"elementor-widget-container\">\n\t\t\t\t\t<div class=\"mf-elementor-icon-box align-icon-center\">\r\n\t\t\t\t<div class=\"mf-icon-area box-img\"><img decoding=\"async\" src=\"https:\/\/drfuri-demo-images.s3-us-west-1.amazonaws.com\/martfury\/full_width\/images\/icon-box-1.png\" title=\"\" alt=\"\" loading=\"lazy\" \/><\/div>\r\n\t\t\t\t<div class=\"box-wrapper\">\r\n\t\t\t\t\t<h3 class=\"box-title\"><a class=\"\" href=\"#\">Gi\u1ea3m chi ph\u00ed v\u1eadn h\u00e0nh<\/a><\/h3>\r\n\t\t\t\t\t<div class=\"desc\">B\u1ea1n kh\u00f4ng c\u1ea7n ph\u1ea3i t\u1ed1n nhi\u1ec1u c\u00f4ng s\u1ee9c \u0111\u1ec3 li\u1ec7t k\u00ea c\u00e1c m\u1eb7t h\u00e0ng c\u1ee7a m\u00ecnh <br><\/div>\r\n\t\t\t\t\t<a class=\"box-url\" href=\"#\">\u0110\u1ecdc th\u00eam<\/a>\r\n\t\t\t\t<\/div>\r\n\t\t\t<\/div>\t\t\t\t<\/div>\n\t\t\t\t<\/div>\n\t\t\t\t<div class=\"elementor-element elementor-element-36a56a27 elementor-widget elementor-widget-spacer\" data-id=\"36a56a27\" data-element_type=\"widget\" data-widget_type=\"spacer.default\">\n\t\t\t\t\t\t\t<div class=\"elementor-spacer\">\n\t\t\t<div class=\"elementor-spacer-inner\"><\/div>\n\t\t<\/div>\n\t\t\t\t\t\t<\/div>\n\t\t\t\t\t<\/div>\n\t\t<\/div>\n\t\t\t\t<div class=\"elementor-column elementor-col-33 elementor-top-column elementor-element elementor-element-424d21d1\" data-id=\"424d21d1\" data-element_type=\"column\">\n\t\t\t<div class=\"elementor-widget-wrap elementor-element-populated\">\n\t\t\t\t\t\t<div class=\"elementor-element elementor-element-26c427de elementor-widget elementor-widget-mf-elementor-icon-box\" data-id=\"26c427de\" data-element_type=\"widget\" data-widget_type=\"mf-elementor-icon-box.default\">\n\t\t\t\t<div class=\"elementor-widget-container\">\n\t\t\t\t\t<div class=\"mf-elementor-icon-box align-icon-center\">\r\n\t\t\t\t<div class=\"mf-icon-area box-img\"><img decoding=\"async\" src=\"https:\/\/drfuri-demo-images.s3-us-west-1.amazonaws.com\/martfury\/full_width\/images\/icon-box-1.png\" title=\"\" alt=\"\" loading=\"lazy\" \/><\/div>\r\n\t\t\t\t<div class=\"box-wrapper\">\r\n\t\t\t\t\t<h3 class=\"box-title\"><a class=\"\" href=\"#\">H\u1ec7 th\u1ed1ng kho to\u00e0n qu\u1ed1c<\/a><\/h3>\r\n\t\t\t\t\t<div class=\"desc\">qu\u1ea3n l\u00fd, qu\u1ea3ng b\u00e1 v\u00e0 ph\u00e1t tri\u1ec3n doanh nghi\u1ec7p c\u1ee7a m\u00ecnh<\/div>\r\n\t\t\t\t\t<a class=\"box-url\" href=\"#\">\u0110\u1ecdc th\u00eam<\/a>\r\n\t\t\t\t<\/div>\r\n\t\t\t<\/div>\t\t\t\t<\/div>\n\t\t\t\t<\/div>\n\t\t\t\t<div class=\"elementor-element elementor-element-2c57fd79 elementor-widget elementor-widget-spacer\" data-id=\"2c57fd79\" data-element_type=\"widget\" data-widget_type=\"spacer.default\">\n\t\t\t\t\t\t\t<div class=\"elementor-spacer\">\n\t\t\t<div class=\"elementor-spacer-inner\"><\/div>\n\t\t<\/div>\n\t\t\t\t\t\t<\/div>\n\t\t\t\t\t<\/div>\n\t\t<\/div>\n\t\t\t\t<div class=\"elementor-column elementor-col-33 elementor-top-column elementor-element elementor-element-2f5f761e\" data-id=\"2f5f761e\" data-element_type=\"column\">\n\t\t\t<div class=\"elementor-widget-wrap elementor-element-populated\">\n\t\t\t\t\t\t<div class=\"elementor-element elementor-element-6ad0cca7 elementor-widget elementor-widget-mf-elementor-icon-box\" data-id=\"6ad0cca7\" data-element_type=\"widget\" data-widget_type=\"mf-elementor-icon-box.default\">\n\t\t\t\t<div class=\"elementor-widget-container\">\n\t\t\t\t\t<div class=\"mf-elementor-icon-box align-icon-center\">\r\n\t\t\t\t<div class=\"mf-icon-area box-img\"><img decoding=\"async\" src=\"https:\/\/drfuri-demo-images.s3-us-west-1.amazonaws.com\/martfury\/full_width\/images\/icon-box-1.png\" title=\"\" alt=\"\" loading=\"lazy\" \/><\/div>\r\n\t\t\t\t<div class=\"box-wrapper\">\r\n\t\t\t\t\t<h3 class=\"box-title\"><a class=\"\" href=\"#\">H\u1ed7 tr\u1ee3 24\/7<\/a><\/h3>\r\n\t\t\t\t\t<div class=\"desc\">C\u00e1c c\u00f4ng c\u1ee5 v\u00e0 d\u1ecbch v\u1ee5 c\u1ee7a ch\u00fang t\u00f4i gi\u00fap b\u1ea1n d\u1ec5 d\u00e0ng<br> \n<\/div>\r\n\t\t\t\t\t<a class=\"box-url\" href=\"#\">\u0110\u1ecdc th\u00eam<\/a>\r\n\t\t\t\t<\/div>\r\n\t\t\t<\/div>\t\t\t\t<\/div>\n\t\t\t\t<\/div>\n\t\t\t\t<div class=\"elementor-element elementor-element-2c4c07e2 elementor-widget elementor-widget-spacer\" data-id=\"2c4c07e2\" data-element_type=\"widget\" data-widget_type=\"spacer.default\">\n\t\t\t\t\t\t\t<div class=\"elementor-spacer\">\n\t\t\t<div class=\"elementor-spacer-inner\"><\/div>\n\t\t<\/div>\n\t\t\t\t\t\t<\/div>\n\t\t\t\t\t<\/div>\n\t\t<\/div>\n\t\t\t\t\t<\/div>\n\t\t<\/section>\n\t\t\t\t<section class=\"elementor-section elementor-top-section elementor-element elementor-element-33aeb0aa elementor-section-boxed elementor-section-height-default elementor-section-height-default\" data-id=\"33aeb0aa\" data-element_type=\"section\">\n\t\t\t\t\t\t<div class=\"elementor-container elementor-column-gap-default\">\n\t\t\t\t\t<div class=\"elementor-column elementor-col-100 elementor-top-column elementor-element elementor-element-411cd6e0\" data-id=\"411cd6e0\" data-element_type=\"column\">\n\t\t\t<div class=\"elementor-widget-wrap elementor-element-populated\">\n\t\t\t\t\t\t<div class=\"elementor-element elementor-element-1e6e008c elementor-widget elementor-widget-spacer\" data-id=\"1e6e008c\" data-element_type=\"widget\" data-widget_type=\"spacer.default\">\n\t\t\t\t\t\t\t<div class=\"elementor-spacer\">\n\t\t\t<div class=\"elementor-spacer-inner\"><\/div>\n\t\t<\/div>\n\t\t\t\t\t\t<\/div>\n\t\t\t\t\t<\/div>\n\t\t<\/div>\n\t\t\t\t\t<\/div>\n\t\t<\/section>\n\t\t\t\t<section class=\"elementor-section elementor-top-section elementor-element elementor-element-7c9a3e81 elementor-section-stretched elementor-section-boxed elementor-section-height-default elementor-section-height-default\" data-id=\"7c9a3e81\" data-element_type=\"section\" data-settings=\"{&quot;stretch_section&quot;:&quot;section-stretched&quot;,&quot;background_background&quot;:&quot;classic&quot;}\">\n\t\t\t\t\t\t<div class=\"elementor-container elementor-column-gap-default\">\n\t\t\t\t\t<div class=\"elementor-column elementor-col-100 elementor-top-column elementor-element elementor-element-2cece91b\" data-id=\"2cece91b\" data-element_type=\"column\">\n\t\t\t<div class=\"elementor-widget-wrap elementor-element-populated\">\n\t\t\t\t\t\t<div class=\"elementor-element elementor-element-2406a969 elementor-widget elementor-widget-spacer\" data-id=\"2406a969\" data-element_type=\"widget\" data-widget_type=\"spacer.default\">\n\t\t\t\t\t\t\t<div class=\"elementor-spacer\">\n\t\t\t<div class=\"elementor-spacer-inner\"><\/div>\n\t\t<\/div>\n\t\t\t\t\t\t<\/div>\n\t\t\t\t<div class=\"elementor-element elementor-element-3145d48c elementor-widget elementor-widget-martfury-process\" data-id=\"3145d48c\" data-element_type=\"widget\" data-widget_type=\"martfury-process.default\">\n\t\t\t\t<div class=\"elementor-widget-container\">\n\t\t\t\t\t<div class=\"mf-elementor-process\">\r\n\t\t\t\t<div class=\"list-process\"><div class=\"row process-content\">\r\n\t\t\t\t\t\t<div class=\"col-md-5 col-xs-12 process-image\"><img decoding=\"async\" src=\"https:\/\/drfuri-demo-images.s3-us-west-1.amazonaws.com\/martfury\/full_width\/images\/process-1.png\" title=\"\" alt=\"\" loading=\"lazy\" \/><\/div>\r\n\t\t\t\t\t\t<div class=\"col-md-2 col-xs-12 process-step\"><div class=\"step\">1<\/div><\/div>\r\n\t\t\t\t\t\t<div class=\"col-md-5 col-xs-12 process-desc\"><h3>\u0110\u0103ng k\u00fd \u0111\u1ea1i l\u00fd v\u00e0 l\u00ean danh s\u00e1ch s\u1ea3n ph\u1ea9m<\/h3><div class=\"desc\"><ul class=\"mf-list\">\n \t<li>\u0110\u0103ng k\u00fd doanh nghi\u1ec7p mi\u1ec5n ph\u00ed v\u00e0 t\u1ea1o danh m\u1ee5c s\u1ea3n ph\u1ea9m. Nh\u1eadn \u0111\u00e0o t\u1ea1o mi\u1ec5n ph\u00ed v\u1ec1 c\u00e1ch v\u1eadn h\u00e0nh doanh nghi\u1ec7p tr\u1ef1c tuy\u1ebfn. <\/li>\n \t<li>C\u00e1c C\u1ed1 v\u1ea5n Th\u00e0nh An c\u1ee7a ch\u00fang t\u00f4i s\u1ebd h\u1ed7 tr\u1ee3 b\u1ea1n t\u1eebng b\u01b0\u1edbc v\u00e0 h\u1ed7 tr\u1ee3 b\u1ea1n to\u00e0n di\u1ec7n trong vi\u1ec7c \u0111\u01b0a doanh nghi\u1ec7p l\u00ean m\u1ea1ng.<\/li>\n<\/ul><\/div><\/div>\r\n\t\t\t\t\t<\/div> <div class=\"row process-content\">\r\n\t\t\t\t\t\t<div class=\"col-md-5 col-xs-12 process-image\"><img decoding=\"async\" src=\"https:\/\/drfuri-demo-images.s3-us-west-1.amazonaws.com\/martfury\/full_width\/images\/process-1.png\" title=\"\" alt=\"\" loading=\"lazy\" \/><\/div>\r\n\t\t\t\t\t\t<div class=\"col-md-2 col-xs-12 process-step\"><div class=\"step\">2<\/div><\/div>\r\n\t\t\t\t\t\t<div class=\"col-md-5 col-xs-12 process-desc\"><h3>Nh\u1eadn \u0111\u01a1n \u0111\u1eb7t h\u00e0ng v\u00e0 b\u00e1n s\u1ea3n ph\u1ea9m c\u1ee7a b\u1ea1n<\/h3><div class=\"desc\"><ul class=\"mf-list\">\n \t<li>\u0110\u0103ng k\u00fd doanh nghi\u1ec7p mi\u1ec5n ph\u00ed v\u00e0 t\u1ea1o danh m\u1ee5c s\u1ea3n ph\u1ea9m. Nh\u1eadn \u0111\u00e0o t\u1ea1o mi\u1ec5n ph\u00ed v\u1ec1 c\u00e1ch v\u1eadn h\u00e0nh doanh nghi\u1ec7p tr\u1ef1c tuy\u1ebfn. <\/li>\n \t<li>C\u00e1c C\u1ed1 v\u1ea5n Th\u00e0nh An c\u1ee7a ch\u00fang t\u00f4i s\u1ebd h\u1ed7 tr\u1ee3 b\u1ea1n t\u1eebng b\u01b0\u1edbc v\u00e0 h\u1ed7 tr\u1ee3 b\u1ea1n to\u00e0n di\u1ec7n trong vi\u1ec7c \u0111\u01b0a doanh nghi\u1ec7p l\u00ean m\u1ea1ng.<\/li>\n<\/ul><\/div><\/div>\r\n\t\t\t\t\t<\/div> <div class=\"row process-content\">\r\n\t\t\t\t\t\t<div class=\"col-md-5 col-xs-12 process-image\"><img decoding=\"async\" src=\"https:\/\/drfuri-demo-images.s3-us-west-1.amazonaws.com\/martfury\/full_width\/images\/process-1.png\" title=\"\" alt=\"\" loading=\"lazy\" \/><\/div>\r\n\t\t\t\t\t\t<div class=\"col-md-2 col-xs-12 process-step\"><div class=\"step\">3<\/div><\/div>\r\n\t\t\t\t\t\t<div class=\"col-md-5 col-xs-12 process-desc\"><h3>\u0110\u00f3ng g\u00f3i v\u00e0 v\u1eadn chuy\u1ec3n d\u1ec5 d\u00e0ng<\/h3><div class=\"desc\"><ul class=\"mf-list\">\n \t<li>\u0110\u0103ng k\u00fd doanh nghi\u1ec7p mi\u1ec5n ph\u00ed v\u00e0 t\u1ea1o danh m\u1ee5c s\u1ea3n ph\u1ea9m. Nh\u1eadn \u0111\u00e0o t\u1ea1o mi\u1ec5n ph\u00ed v\u1ec1 c\u00e1ch v\u1eadn h\u00e0nh doanh nghi\u1ec7p tr\u1ef1c tuy\u1ebfn. <\/li>\n \t<li>C\u00e1c C\u1ed1 v\u1ea5n Th\u00e0nh An c\u1ee7a ch\u00fang t\u00f4i s\u1ebd h\u1ed7 tr\u1ee3 b\u1ea1n t\u1eebng b\u01b0\u1edbc v\u00e0 h\u1ed7 tr\u1ee3 b\u1ea1n to\u00e0n di\u1ec7n trong vi\u1ec7c \u0111\u01b0a doanh nghi\u1ec7p l\u00ean m\u1ea1ng.<\/li>\n<\/ul><\/div><\/div>\r\n\t\t\t\t\t<\/div><\/div>\r\n\t\t\t<\/div>\t\t\t\t<\/div>\n\t\t\t\t<\/div>\n\t\t\t\t<div class=\"elementor-element elementor-element-5acc3b19 elementor-widget elementor-widget-spacer\" data-id=\"5acc3b19\" data-element_type=\"widget\" data-widget_type=\"spacer.default\">\n\t\t\t\t\t\t\t<div class=\"elementor-spacer\">\n\t\t\t<div class=\"elementor-spacer-inner\"><\/div>\n\t\t<\/div>\n\t\t\t\t\t\t<\/div>\n\t\t\t\t\t<\/div>\n\t\t<\/div>\n\t\t\t\t\t<\/div>\n\t\t<\/section>\n\t\t\t\t<\/div>\n\t\t","protected":false},"excerpt":{"rendered":"<p>Tr\u1edf th\u00e0nh \u0111\u1ea1o l\u00fd k\u00eanh ph\u00e2n ph\u1ed1i ch\u00ednh th\u1ee9c c\u1ee7a Th\u00e0nh An Start Selling T\u1ed4NG KHO \u0110I\u1ec6N M\u00c1Y TH\u00c0NH AN Tham gia th\u1ecb tr\u01b0\u1eddng \u0111i\u1ec7n m\u00e1y tr\u00ean to\u00e0n qu\u1ed1c Gi\u1ea3m chi ph\u00ed v\u1eadn h\u00e0nh B\u1ea1n kh\u00f4ng c\u1ea7n ph\u1ea3i t\u1ed1n nhi\u1ec1u c\u00f4ng s\u1ee9c \u0111\u1ec3 li\u1ec7t k\u00ea c\u00e1c m\u1eb7t h\u00e0ng c\u1ee7a m\u00ecnh \u0110\u1ecdc th\u00eam H\u1ec7 th\u1ed1ng kho&hellip;<\/p>\n","protected":false},"author":1,"featured_media":0,"parent":0,"menu_order":0,"comment_status":"closed","ping_status":"closed","template":"template-full-width.php","meta":{"footnotes":""},"class_list":["post-1955","page","type-page","status-publish","hentry"],"_links":{"self":[{"href":"https:\/\/tongkhothanhan.com\/index.php\/wp-json\/wp\/v2\/pages\/1955","targetHints":{"allow":["GET"]}}],"collection":[{"href":"https:\/\/tongkhothanhan.com\/index.php\/wp-json\/wp\/v2\/pages"}],"about":[{"href":"https:\/\/tongkhothanhan.com\/index.php\/wp-json\/wp\/v2\/types\/page"}],"author":[{"embeddable":true,"href":"https:\/\/tongkhothanhan.com\/index.php\/wp-json\/wp\/v2\/users\/1"}],"replies":[{"embeddable":true,"href":"https:\/\/tongkhothanhan.com\/index.php\/wp-json\/wp\/v2\/comments?post=1955"}],"version-history":[{"count":31,"href":"https:\/\/tongkhothanhan.com\/index.php\/wp-json\/wp\/v2\/pages\/1955\/revisions"}],"predecessor-version":[{"id":5024,"href":"https:\/\/tongkhothanhan.com\/index.php\/wp-json\/wp\/v2\/pages\/1955\/revisions\/5024"}],"wp:attachment":[{"href":"https:\/\/tongkhothanhan.com\/index.php\/wp-json\/wp\/v2\/media?parent=1955"}],"curies":[{"name":"wp","href":"https:\/\/api.w.org\/{rel}","templated":true}]}}